1011
In base 13, what is -12a6 - 4542?
-5818
In base 16, what is 3 - -e637e?
e6381
In base 14, what is 6d7a8 + -748?
6d060
In base 16, what is -10d36 - 168?
-10e9e
In base 5, what is 44332142333 - -3?
44332142341
In base 15, what is 14cc9 - -79?
14d53
In base 4, what is 121223 + 222302?
1010131
In base 16, what is -263a0d - -4?
-263a09
In base 10, what is -218772 - -1?
-218771
In base 10, what is -297 - 40311?
-40608
In base 3, what is -1002212001200220 + 2?
-1002212001200211
In base 10, what is -3 + 2034458?
2034455
In base 4, what is 230 + -3320033102?
-3320032212
In base 12, what is a27 - -22594?
233bb
In base 7, what is -144540 - -3324?
-141213
In base 6, what is 5022150253 + 0?
5022150253
In base 4, what is 230030331 + -321?
230030010
In base 8, what is 5415305 - -43?
5415350
In base 13, what is 56ab4cb1 + -5?
56ab4ca9
In base 15, what is 26e1b8 - 5?
26e1b3
In base 8, what is 0 - 1600464644?
-1600464644
In base 7, what is 14322403 - 31?
14322342
In base 11, what is -9 - -402a455?
402a447
In base 13, what is 422946 + -8?
42293b
In base 11, what is 27 + 2208594?
2208610
In base 2, what is 100000000011 + -1100101100?
10011010111
In base 15, what is 1c0db + 5a?
1c146
In base 6, what is -10423134 + -250?
-10423424
In base 11, what is 4a82 + -5597?
-615
In base 6, what is -20 + 5213223?
5213203
In base 7, what is -2 - -15300615?
15300613
In base 9, what is 67543314 + -22?
67543282
In base 2, what is 1100010 + 1100110000111011?
1100110010011101
In base 6, what is -23 + -412515?
-412542
In base 12, what is -25a624 + 4b?
-25a595
In base 11, what is -11274 - -381?
-109a3
In base 12, what is 8b4 + 538a2?
54596
In base 4, what is -10123122 - 32220?
-10222002
In base 10, what is -139404 - 20?
-139424
In base 13, what is 2415113 + 1?
2415114
In base 3, what is -112100 - -21112011?
20222211
In base 5, what is 0 - -1322423?
1322423
In base 16, what is 2 + 1278c7?
1278c9
In base 13, what is -1613 - 1cb9?
-35cc
In base 8, what is -41354373 + -3?
-41354376
In base 6, what is -2002 + 1554445?
1552443
In base 5, what is -1013402104 + -113?
-1013402222
In base 16, what is -2f1cf1c + -3?
-2f1cf1f
In base 7, what is -41040 + 5160?
-32550
In base 4, what is -300132011 + 1121032?
-233010313
In base 15, what is -8 + -4033c?
-40345
In base 6, what is 1112031113 + -33?
1112031040
In base 6, what is -1401424003 - -22?
-1401423541
In base 9, what is -37 - 270484?
-270532
In base 13, what is -11 + 1084b1?
1084a0
In base 15, what is 1bb5 + -203?
19b2
In base 2, what is -1110101000010 + 111000010001001?
101001101000111
In base 13, what is -184 - -61c85?
61b01
In base 8, what is -42026 - -734?
-41072
In base 14, what is 7 - 13ccb4?
-13ccab
In base 3, what is -100122002121 - 10201?
-100122020022
In base 16, what is -2503b - -51?
-24fea
In base 3, what is 102122200011 - 1120?
102122121121
In base 15, what is -13974 + -2a0?
-13c24
In base 15, what is 189082 + 42?
1890c4
In base 16, what is 43ef8a - b?
43ef7f
In base 10, what is 5 + -25153660?
-25153655
In base 4, what is 1111221133233 - 10?
1111221133223
In base 14, what is 0 - -9d875bd?
9d875bd
In base 13, what is -2bb455 + -611?
-2bba66
In base 13, what is -13c - -a18?
8a9
In base 6, what is -10440401 + -14?
-10440415
In base 13, what is 78a83 - 188?
788c8
In base 3, what is -2002022 + 220220022?
211211000
In base 14, what is 8b0c153 + 2?
8b0c155
In base 9, what is -2132 + 148570?
146437
In base 7, what is 2003 - -16024?
21030
In base 10, what is 1357 + -28082?
-26725
In base 9, what is 4 + 20254431?
20254435
In base 11, what is -1536985 - 9?
-1536993
In base 15, what is 515 + 149a6?
14ebb
In base 7, what is 5 + -12323110?
-12323102
In base 2, what is 1001000111010011 + -100010010000?
1000100101000011
In base 6, what is -351 + 1051554?
1051203
In base 3, what is 22120201211 + 121?
22120202102
In base 9, what is 37 + 844441?
844478
In base 3, what is -112 + -11000020210020?
-11000020210202
In base 5, what is 0 + -1334443303?
-1334443303
In base 3, what is -2 + 2021020220211202?
2021020220211200
In base 12, what is 2 - 1009693?
-1009691
In base 9, what is -4 - -7735766?
7735762
In base 7, what is 406 + 2550665?
2551404
In base 16, what is 65b3 - -7c?
662f
In base 6, what is 40130 - 144553?
-104423
In base 3, what is -1110021120201 + 2211?
-1110021110220
In base 9, what is 15 + 27134231?
27134246
In base 14, what is -52 - 29a01a?
-29a06c
In base 10, what is 49002700 - 2?
49002698
In base 5, what is -2 - -242112020441?
242112020434
In base 15, what is 7b6 - 1253?
-98c
In base 4, what is -1221010 + -132022?
-2013032
In base 16, what is 3e + cc440?
cc47e
In base 3, what is -111012120110021 + -2?
-111012120110100
In base 6, what is 2 + 5320503142?
5320503144
In base 7, what is -3 + 433115305?
433115302
In base 16, what is -1251 - 15928?
-16b79
In base 4, what is -300 - 10332303220?
-10332310120
In base 16, what is 25e - -4467?
46c5
In base 7, what is -2 + -35100412?
-35100414
In base 5, what is 11124 + 103121123?
103132302
In base 7, what is -121126 - -112?
-121014
In base 6, what is 323404420 - -100?
323404520
In base 11, what is -114a694 - -2?
-114a692
In base 9, what is 11 + 4110?
4121
In base 14, what is 3783a4 - -33?
3783d7
In base 9, what is -10675 - -557?
-10117
In base 7, what is 13266 - 305635?
-262336
In base 10, what is 86069 + 7489?
93558
In base 10, what is -109050 + 1179?
-107871
In base 8, what is 71 - -2462605?
2462676
In base 12, what is 92 - 18484?
-183b2
In base 12, what is -15191018 - 4?
-15191020
In base 14, what is 609cc + 17?
60a05
In base 9, what is 132781 + -83?
132687
In base 14, what is -9 + -68128d1?
-68128da
In base 12, what is -a72617 - -1?
-a72616
In base 12, what is -5 - 5168b?
-51694
In base 2, what is -100000001000000 + -1000100101101?
-101000101101101
In base 15, what is -1e2 + -6636?
-6828
In base 10, what is 16848 + -620?
16228
In base 5, what is -3111 - 122434?
-131100
In base 2, what is 11100100000000 + 100111001?
11101000111001
In base 4, what is 320210200 - 13231?
320130303
In base 2, what is 1001100010100010100 + 101111001?
1001100011010001101
In base 10, what is 64902 - 235?
64667
In base 3, what is -2 + -10010201012220022?
-10010201012220101
In base 14, what is -1843db1 + 26?
-1843d89
In base 2, what is -10010010 - 110010100001011110?
-110010100011110000
In base 13, what is -15a - -cc9?
b6c
In base 4, what is -13321122231203 + 12?
-13321122231131
In base 2, what is 101010110010110 + -101100001?
101010000110101
In base 11, what is a4a578 - 1?
a4a577
In base 16, what is -46 - d55e0?
-d5626
In base 4, what is -222020 + 223303?
1223
In base 13, what is -1a1 + 91cc?
902b
In base 9, what is 37 + -6027?
-5880
In base 13, what is -1a - 150007?
-150024
In base 13, what is c70102 - 2c?
c700a3
In base 7, what is 16 - -111540611?
111540630
In base 14, what is -9d334c5 + -5?
-9d334ca
In base 4, what is 3230110130 - -13?
3230110203
In base 11, what is 380 - -5a99?
6369
In base 12, what is -a3 + -25305b?
-253142
In base 8, what is -216 + 1574172?
1573754
In base 3, what is 120111 - -20211101002?
20211221120
In base 8, what is -16136000 + 14?
-16135764
In base 9, what is -40017 - -2?
-40015
In base 3, what is -1010221211100222 + -2?
-1010221211101001
In base 14, what is 1d8d6c - -4d?
1d8dbb
In base 16, what is 877 - -1d7?
a4e
In base 9, what is -64753854 + -1?
-64753855
In base 7, what is -163424412 + 2?
-163424410
In base 3, what is 1202 - -1022221202111?
1022221211020
In base 9, what is -115812686 - -4?
-115812682
In base 13, what is -261b55 + 11c?
-261a36
In base 5, what is 1203323 - 1003030?
200243
In base 16, what is -296a - -48?
-2922
In base 6, what is -1 - 1505132211?
-1505132212
In base 2, what is 11 - -111011000011000011011011?
111011000011000011011110
In base 16, what is 6544691 - 2?
654468f
In base 5, what is -4041330 - -1220?
-4040110
In base 7, what is 6222220064 - -2?
6222220066
In base 9, what is -4 - 37451231?
-37451235
In base 15, what is 0 + 126c5c55?
126c5c55
In base 16, what is -3acf + 3ea?
-36e5
In base 13, what is 7 - 25574a?
-255743
In base 16, what is -223 + -2c50?
-2e73
In base 8, what is 177 + 25205554?
25205753
In base 6, what is -24142522151 + -5?
-24142522200
In base 5, what is -10 + 102234421?
102234411
In base 16, what is 1 + 336c3a?
336c3b
In base 11, what is 114088